e factors of w.
2, 7
Suppose -4*b = 5*i - 29, -b + 12 = -3*i - 8. What are the prime factors of b?
11
Let m = -14 + 53. What are the prime factors of m?
3, 13
Let k(b) = 4*b**2 - 2*b - 3. What are the prime factors of k(3)?
3
Let a be 1 + 1*-1*-9. Let g(k) = 4 + 12 - k**2 + 5 + 10*k - 8. What are the prime factors of g(a)?
13
Let k(d) = 4 - 5*d**2 + 4*d**2 - 3*d + 2*d**2. Suppose -3*s = -5*m, -s = 5*m - 8 - 12. List the prime factors of k(m).
2
Let x = -22 - -34. Let t be -4*((-33)/x - -1). Suppose 0 = 3*w - 2*w - t. What are the prime factors of w?
7
Let j be (4/3)/((-14)/63). Let l(u) = -u**2 - 4*u - 6. Let y be l(-6). Let a = j - y. List the prime factors of a.
2, 3
Let z(i) = -i**3 - 12*i**2 - i + 11. Let k(t) = t**3 + 11*t**2 + 2*t - 10. Let w(o) = -5*k(o) - 4*z(o). What are the prime factors of w(-6)?
2, 3
Let m be (-6)/9*-3 + 1. Suppose -i + 11 = -m. What are the prime factors of i?
2, 7
Suppose 135 = -2*y + 5*y. What are the prime factors of y?
3, 5
Suppose -2*m - 5 = -19. Let v(d) = d**3 - 8*d**2 + 9*d - 6. What are the prime factors of v(m)?
2
Suppose f + f = 0. Let h(a) = 3*a**2 + 5*a - 3. Let n be h(-6). Suppose -4*d - d + n = f. List the prime factors of d.
3, 5
Suppose 5*r + 2*w = 11, 2 + 12 = 5*r + 3*w. Suppose -2*i - r = -7. List the prime factors of i.
3
Suppose g = -3*a + 16, 3 = 4*g - 1. Suppose -58 + 8 = -2*b - 3*z, 98 = 4*b + a*z. What are the prime factors of -2*b/16*-4?
11
Let q = -67 + 136. Suppose 4*n - 3 = q. What are the prime factors of n?
2, 3
Let m be 5 + 5/(-5) + 0. Let w(z) = -20*z. Let y be w(-5). Suppose -m*v = v - y. List the prime factors of v.
2, 5
Let m be 11 - ((-6)/3 - -2). Suppose 2*g + m + 7 = 0. List the prime factors of g/(-2)*(-8)/(-6).
2, 3
Suppose 5*u = -0 + 10. Let k be 3 - (-3 + u)*1. Suppose k*w + 5*q = 44, 0*q = 4*w + 2*q - 44. What are the prime factors of w?
11
Let z(m) = 4*m - 3. Let x be z(3). Let y(t) = t**2 - 9*t + 2. Let b be y(x). Suppose 4*n = -4*j + 40, b*n + 6 = 5*j - 30. What are the prime factors of j?
2
Let d be (0 - 9)/((-2)/6). Suppose d = 4*q - 17. List the prime factors of q.
11
What are the prime factors of (-2822)/(-10) + (9 - (-368)/(-40))?
2, 3, 47
Let p(l) = 1 + 2 + 4*l + l**3 + 4*l**2 - 2*l - l. List the prime factors of p(-3).
3
List the prime factors of -1*1/2*-74.
37
Suppose h = -2*n + 13, -3*n - 130 = 3*h - 8*h. Let u = 34 - h. List the prime factors of u.
11
Let l = -144 - -275. What are the prime factors of l?
131
Suppose -166 = -2*q - 4. What are the prime factors of q?
3
Let y(r) = -r**3 - 6*r**2 - 4*r + 4. Let p be y(-5). Let s(m) = -7*m**3 - m**2 + 1. What are the prime factors of s(p)?
7
Let a = 5 + -7. Let v(s) = 6*s**2 + 3*s + 2. Let t be v(a). Suppose t = 2*u - 4. What are the prime factors of u?
2, 3
Let r(c) = -c**2 - 4*c + 7. Let f be r(-5). Let n be 4*(0 - -1 - f). Let i = 0 - n. List the prime factors of i.
2
Let n = -2 - -5. Suppose 5 + n = 2*o. Suppose 0*m = -o*m + 32. What are the prime factors of m?
2
Let a(o) = o. Let t(y) = 3*y - 8. Let q(k) = 2*a(k) - t(k). What are the prime factors of q(6)?
2
Let p(a) = a. Let y be p(-3). Let s = y + 5. Suppose s*j + 2 = 3*j. List the prime factors of j.
2
Let j = -10 + 15. Suppose -9 = -3*a - 5*o - 2, -4*a - j*o = -16. What are the prime factors of a?
3
Let o(i) = -3*i + 3. Let k be o(4). Let w be (-1)/(-3) - 276/k. Let a = -13 + w. What are the prime factors of a?
2, 3
Suppose -10 = -5*i, -2*w + 0*w + i - 2 = 0. Suppose -y = -0*y. Suppose w*s = -5*s - 20, -d - 3*s - 5 = y. What are the prime factors of d?
7
List the prime factors of (-36)/8*(2 + -4).
3
Let k(w) = -w**3 + 18*w**2 + 30*w - 35. List the prime factors of k(19).
2, 3, 29
Suppose 5*h - s - 185 + 20 = 0, -3*s + 81 = 3*h. List the prime factors of h.
2
Let c(u) = 10*u - 43. What are the prime factors of c(6)?
17
Let a(b) = -15*b + 1. What are the prime factors of a(-5)?
2, 19
Let c = 59 + -35. What are the prime factors of c?
2, 3
Let h be 8/(-6)*12/8. Let g = 2 - h. Suppose g*f + 4 = 56. List the prime factors of f.
13
Suppose 0 = 4*u - j - 355, -2*u - 2*j = -5*j - 165. What are the prime factors of u?
2, 3, 5
Let z(u) = 69*u**2 - 5*u + 7. List the prime factors of z(2).
3, 7, 13
List the prime factors of 3*56/12 + 4.
2, 3
Let t(y) = y - 3. Let i be t(-7). List the prime factors of (-4)/i + (-96)/(-10).
2, 5
Suppose 4*h - 3*c = 16, -h - 3*c - 6 - 5 = 0. Let d = 3 - h. List the prime factors of (-4)/(-8) - (-15)/d.
2
Suppose 4*w - 4*h + 0 = 12, 3*h - 12 = -4*w. Suppose 2*r + 1 = 3*z, 46 = w*r + 2*z + 3*z. List the prime factors of r.
7
Let u = -89 + 104. Let h be 0/1 - (-1 - 6). Let r = u - h. List the prime factors of r.
2
Suppose 0 = -25*w + 31*w - 870. What are the prime factors of w?
5, 29
Let w(f) = f**3 + 8*f**2 + 7*f + 5. Suppose -5*s = -4*r - 13, s - 14 = 5*r + 18. List the prime factors of w(r).
5
Let f = 76 - 34. List the prime factors of f.
2, 3, 7
Let z(p) = 25*p**2 - 3*p - 5. List the prime factors of z(-3).
229
Let o(l) = 2*l - 4. Let s be o(4). Suppose -5*z = -x - 26, s*z - 6 = 3*x + 6. Let j = z + 12. What are the prime factors of j?
2, 3
Let n = 466 + -105. What are the prime factors of n?
19
Let r(a) = -a**3 + 13*a**2 + 13*a + 20. What are the prime factors of r(14)?
2, 3
Let t(w) = -w**2 - 3*w + 4. What are the prime factors of t(-3)?
2
Suppose -5*d = -0*v - 2*v - 55, -4*v = 3*d + 97. Let a = v - -40. List the prime factors of a.
3, 5
Suppose -7*f + 9*f - 134 = 0. List the prime factors of f.
67
Let t = 106 + -5. What are the prime factors of t?
101
Suppose -10*l = -21*l + 3168. List the prime factors of l.
2, 3
Suppose 0 = 2*r - 121 - 39. What are the prime factors of r?
2, 5
Let q = 3 - -4. Let v(g) = g**2 - 5*g + 6. What are the prime factors of v(q)?
2, 5
Suppose 1048 = -13*j + 17*j. List the prime factors of j.
2, 131
Let t(d) = d**2 + 3. Let o be t(0). List the prime factors of (-6)/(((-9)/o)/12).
2, 3
Let f = -1 + 11. Suppose 4*z - f = -z. What are the prime factors of z?
2
Let l(o) = -o**3 + 15*o**2 - 15*o + 16. Let n be l(14). Suppose n*v - 60 = 28. List the prime factors of v.
2, 11
Let m = -6 - -9. What are the prime factors of m?
3
Let n(f) be the first derivative of -f**4/4 + 4*f**3/3 + 5*f**2/2 + 3*f + 4. What are the prime factors of n(5)?
3
Let z(m) = m + 2. Let v be z(0). Suppose 5*c = 43 + v. What are the prime factors of c?
3
Let v = -4 + 12. Let k(u) = 4*u - 5. List the prime factors of k(v).
3
Suppose w - 19 = -5*f, 10 = -3*w + w + 2*f. Let d be 24/(w + (-15)/(-6)). Suppose 3*y = 2*y + d. List the prime factors of y.
2
Suppose 5*t + 5 = 5*l, 3*l - 16 = -5*t + l. Suppose -4*q + t*r = -12, -3*r - 2*r - 6 = -4*q. What are the prime factors of q?
2
Suppose 3 = -2*v + 3*v. Suppose -2*a + 0*p + p = -5, 0 = -2*a + v*p + 3. What are the prime factors of a?
3
Let g(n) = n**2 + 6*n - 3. Let b be g(-5). Let a = 16 + b. List the prime factors of a.
2
Let n(x) be the third derivative of -x**7/420 + x**5/60 + x**4/24 - x**3/3 - 2*x**2. Let q(w) be the first derivative of n(w). List the prime factors of q(-2).
13
Suppose -i + 9 = 2*i + p, i + 1 = p. Suppose -4*k + i*j + 20 = -2*j, -5*k + j + 37 = 0. List the prime factors of k.
2
Let n(f) = 25*f + 4. What are the prime factors of n(2)?
2, 3
Let m(f) = 16*f**2 - 17*f**2 + 36*f - 33*f. Suppose -o - 15 = -5*k, 0*k + 14 = -3*k - 4*o. What are the prime factors of m(k)?
2
Suppose 0 = 4*g - 6 - 6. Suppose -60 + 21 = -g*v. What are the prime factors of v?
13
Let r(o) = 7*o - o**2 - 5*o + 6*o - 4. What are the prime factors of r(5)?
11
Let h = 7 - 6. Let p = 3 - h. Suppose -9 = -w - p*w. What are the prime factors of w?
3
Suppose -p - 3*p = -76. Suppose 0 = m - 4*r - p, -4*m - 2*r = -0*r - 4. What are the prime factors of m?
3
Let z(j) = j**3 + j**2 + 14. Let r be z(0). Let b = r - 3. List the prime factors of b.
11
Suppose 2272 = t + 7*t. List the prime factors of t.
2, 71
Let q be (2/(-3))/((-14)/399). Suppose 5*j - 11 - q = -4*z, 2*z + j = 18. What are the prime factors of z?
2, 5
Let v(l) = -l**3 - l**2 + 3*l - 2. Let n(k) = k**2 + 7*k + 7. Let o be n(-5). Let f be v(o). List the prime factors of f + 1/(-1)*0.
7
Let k = 6 + -6. Suppose -m + 2*m = k. Suppose -3*c + 49 = p, -5*p + 17 + 3 = m. List the prime factors of c.
3, 5
List the prime factors of 207 + -2 - (-13 + 12).
